{"id":203,"date":"2026-03-04T07:38:13","date_gmt":"2026-03-04T07:38:13","guid":{"rendered":"https:\/\/surtam2026.webs.upv.es\/?page_id=203"},"modified":"2026-03-10T09:07:44","modified_gmt":"2026-03-10T09:07:44","slug":"surtam-2026","status":"publish","type":"page","link":"https:\/\/surtam2026.webs.upv.es\/","title":{"rendered":"SURTAM 2026"},"content":{"rendered":"","protected":false},"excerpt":{"rendered":"","protected":false},"author":2,"featured_media":0,"parent":0,"menu_order":0,"comment_status":"closed","ping_status":"closed","template":"","meta":{"footnotes":""},"class_list":["post-203","page","type-page","status-publish","hentry"],"yoast_head":"<!-- This site is optimized with the Yoast SEO plugin v26.5 - https:\/\/yoast.com\/wordpress\/plugins\/seo\/ -->\n<title>Congreso de coheter\u00eda universitaria - SURTAM 2026<\/title>\n<meta name=\"description\" content=\"SURTAM 2026, congreso de coheter\u00eda universitaria en Espa\u00f1a. Del 27 al 29 de abril, estudiantes e industria aeroespacial impulsan la innovaci\u00f3n y el talento\" \/>\n<meta name=\"robots\" content=\"index, follow, max-snippet:-1, max-image-preview:large, max-video-preview:-1\" \/>\n<link rel=\"canonical\" href=\"https:\/\/surtam2026.webs.upv.es\/\" \/>\n<meta property=\"og:locale\" content=\"es_ES\" \/>\n<meta property=\"og:type\" content=\"article\" \/>\n<meta property=\"og:title\" content=\"Congreso de coheter\u00eda universitaria - SURTAM 2026\" \/>\n<meta property=\"og:description\" content=\"SURTAM 2026, congreso de coheter\u00eda universitaria en Espa\u00f1a. Del 27 al 29 de abril, estudiantes e industria aeroespacial impulsan la innovaci\u00f3n y el talento\" \/>\n<meta property=\"og:url\" content=\"https:\/\/surtam2026.webs.upv.es\/\" \/>\n<meta property=\"og:site_name\" content=\"Inicio\" \/>\n<meta property=\"article:modified_time\" content=\"2026-03-10T09:07:44+00:00\" \/>\n<meta name=\"twitter:card\" content=\"summary_large_image\" \/>\n<script type=\"application\/ld+json\" class=\"yoast-schema-graph\">{\"@context\":\"https:\/\/schema.org\",\"@graph\":[{\"@type\":\"WebPage\",\"@id\":\"https:\/\/surtam2026.webs.upv.es\/\",\"url\":\"https:\/\/surtam2026.webs.upv.es\/\",\"name\":\"Congreso de coheter\u00eda universitaria - SURTAM 2026\",\"isPartOf\":{\"@id\":\"https:\/\/surtam2026.webs.upv.es\/#website\"},\"datePublished\":\"2026-03-04T07:38:13+00:00\",\"dateModified\":\"2026-03-10T09:07:44+00:00\",\"description\":\"SURTAM 2026, congreso de coheter\u00eda universitaria en Espa\u00f1a. Del 27 al 29 de abril, estudiantes e industria aeroespacial impulsan la innovaci\u00f3n y el talento\",\"breadcrumb\":{\"@id\":\"https:\/\/surtam2026.webs.upv.es\/#breadcrumb\"},\"inLanguage\":\"es\",\"potentialAction\":[{\"@type\":\"ReadAction\",\"target\":[\"https:\/\/surtam2026.webs.upv.es\/\"]}]},{\"@type\":\"BreadcrumbList\",\"@id\":\"https:\/\/surtam2026.webs.upv.es\/#breadcrumb\",\"itemListElement\":[{\"@type\":\"ListItem\",\"position\":1,\"name\":\"Portada\",\"item\":\"https:\/\/surtam2026.webs.upv.es\/\"},{\"@type\":\"ListItem\",\"position\":2,\"name\":\"SURTAM 2026\"}]},{\"@type\":\"WebSite\",\"@id\":\"https:\/\/surtam2026.webs.upv.es\/#website\",\"url\":\"https:\/\/surtam2026.webs.upv.es\/\",\"name\":\"Inicio\",\"description\":\"Congreso de Coheteria surtam\",\"publisher\":{\"@id\":\"https:\/\/surtam2026.webs.upv.es\/#organization\"},\"potentialAction\":[{\"@type\":\"SearchAction\",\"target\":{\"@type\":\"EntryPoint\",\"urlTemplate\":\"https:\/\/surtam2026.webs.upv.es\/?s={search_term_string}\"},\"query-input\":{\"@type\":\"PropertyValueSpecification\",\"valueRequired\":true,\"valueName\":\"search_term_string\"}}],\"inLanguage\":\"es\"},{\"@type\":\"Organization\",\"@id\":\"https:\/\/surtam2026.webs.upv.es\/#organization\",\"name\":\"Inicio\",\"url\":\"https:\/\/surtam2026.webs.upv.es\/\",\"logo\":{\"@type\":\"ImageObject\",\"inLanguage\":\"es\",\"@id\":\"https:\/\/surtam2026.webs.upv.es\/#\/schema\/logo\/image\/\",\"url\":\"https:\/\/surtam2026.webs.upv.es\/wp-content\/uploads\/2026\/01\/idO8AsnPmd_logos.png\",\"contentUrl\":\"https:\/\/surtam2026.webs.upv.es\/wp-content\/uploads\/2026\/01\/idO8AsnPmd_logos.png\",\"width\":2560,\"height\":631,\"caption\":\"Inicio\"},\"image\":{\"@id\":\"https:\/\/surtam2026.webs.upv.es\/#\/schema\/logo\/image\/\"}}]}<\/script>\n<!-- \/ Yoast SEO plugin. -->","yoast_head_json":{"title":"Congreso de coheter\u00eda universitaria - SURTAM 2026","description":"SURTAM 2026, congreso de coheter\u00eda universitaria en Espa\u00f1a. Del 27 al 29 de abril, estudiantes e industria aeroespacial impulsan la innovaci\u00f3n y el talento","robots":{"index":"index","follow":"follow","max-snippet":"max-snippet:-1","max-image-preview":"max-image-preview:large","max-video-preview":"max-video-preview:-1"},"canonical":"https:\/\/surtam2026.webs.upv.es\/","og_locale":"es_ES","og_type":"article","og_title":"Congreso de coheter\u00eda universitaria - SURTAM 2026","og_description":"SURTAM 2026, congreso de coheter\u00eda universitaria en Espa\u00f1a. Del 27 al 29 de abril, estudiantes e industria aeroespacial impulsan la innovaci\u00f3n y el talento","og_url":"https:\/\/surtam2026.webs.upv.es\/","og_site_name":"Inicio","article_modified_time":"2026-03-10T09:07:44+00:00","twitter_card":"summary_large_image","schema":{"@context":"https:\/\/schema.org","@graph":[{"@type":"WebPage","@id":"https:\/\/surtam2026.webs.upv.es\/","url":"https:\/\/surtam2026.webs.upv.es\/","name":"Congreso de coheter\u00eda universitaria - SURTAM 2026","isPartOf":{"@id":"https:\/\/surtam2026.webs.upv.es\/#website"},"datePublished":"2026-03-04T07:38:13+00:00","dateModified":"2026-03-10T09:07:44+00:00","description":"SURTAM 2026, congreso de coheter\u00eda universitaria en Espa\u00f1a. Del 27 al 29 de abril, estudiantes e industria aeroespacial impulsan la innovaci\u00f3n y el talento","breadcrumb":{"@id":"https:\/\/surtam2026.webs.upv.es\/#breadcrumb"},"inLanguage":"es","potentialAction":[{"@type":"ReadAction","target":["https:\/\/surtam2026.webs.upv.es\/"]}]},{"@type":"BreadcrumbList","@id":"https:\/\/surtam2026.webs.upv.es\/#breadcrumb","itemListElement":[{"@type":"ListItem","position":1,"name":"Portada","item":"https:\/\/surtam2026.webs.upv.es\/"},{"@type":"ListItem","position":2,"name":"SURTAM 2026"}]},{"@type":"WebSite","@id":"https:\/\/surtam2026.webs.upv.es\/#website","url":"https:\/\/surtam2026.webs.upv.es\/","name":"Inicio","description":"Congreso de Coheteria surtam","publisher":{"@id":"https:\/\/surtam2026.webs.upv.es\/#organization"},"potentialAction":[{"@type":"SearchAction","target":{"@type":"EntryPoint","urlTemplate":"https:\/\/surtam2026.webs.upv.es\/?s={search_term_string}"},"query-input":{"@type":"PropertyValueSpecification","valueRequired":true,"valueName":"search_term_string"}}],"inLanguage":"es"},{"@type":"Organization","@id":"https:\/\/surtam2026.webs.upv.es\/#organization","name":"Inicio","url":"https:\/\/surtam2026.webs.upv.es\/","logo":{"@type":"ImageObject","inLanguage":"es","@id":"https:\/\/surtam2026.webs.upv.es\/#\/schema\/logo\/image\/","url":"https:\/\/surtam2026.webs.upv.es\/wp-content\/uploads\/2026\/01\/idO8AsnPmd_logos.png","contentUrl":"https:\/\/surtam2026.webs.upv.es\/wp-content\/uploads\/2026\/01\/idO8AsnPmd_logos.png","width":2560,"height":631,"caption":"Inicio"},"image":{"@id":"https:\/\/surtam2026.webs.upv.es\/#\/schema\/logo\/image\/"}}]}},"_links":{"self":[{"href":"https:\/\/surtam2026.webs.upv.es\/index.php\/wp-json\/wp\/v2\/pages\/203","targetHints":{"allow":["GET"]}}],"collection":[{"href":"https:\/\/surtam2026.webs.upv.es\/index.php\/wp-json\/wp\/v2\/pages"}],"about":[{"href":"https:\/\/surtam2026.webs.upv.es\/index.php\/wp-json\/wp\/v2\/types\/page"}],"author":[{"embeddable":true,"href":"https:\/\/surtam2026.webs.upv.es\/index.php\/wp-json\/wp\/v2\/users\/2"}],"replies":[{"embeddable":true,"href":"https:\/\/surtam2026.webs.upv.es\/index.php\/wp-json\/wp\/v2\/comments?post=203"}],"version-history":[{"count":1,"href":"https:\/\/surtam2026.webs.upv.es\/index.php\/wp-json\/wp\/v2\/pages\/203\/revisions"}],"predecessor-version":[{"id":204,"href":"https:\/\/surtam2026.webs.upv.es\/index.php\/wp-json\/wp\/v2\/pages\/203\/revisions\/204"}],"wp:attachment":[{"href":"https:\/\/surtam2026.webs.upv.es\/index.php\/wp-json\/wp\/v2\/media?parent=203"}],"curies":[{"name":"wp","href":"https:\/\/api.w.org\/{rel}","templated":true}]}}

<!-- This site is optimized with the Yoast SEO plugin v26.5 - https://yoast.com/wordpress/plugins/seo/ -->
<title>Congreso de cohetería universitaria - SURTAM 2026</title>
<meta name="description" content="SURTAM 2026, congreso de cohetería universitaria en España. Del 27 al 29 de abril, estudiantes e industria aeroespacial impulsan la innovación y el talento" />
<meta name="robots" content="index, follow, max-snippet:-1, max-image-preview:large, max-video-preview:-1" />
<link rel="canonical" href="https://surtam2026.webs.upv.es/" />
<meta property="og:locale" content="es_ES" />
<meta property="og:type" content="article" />
<meta property="og:title" content="Congreso de cohetería universitaria - SURTAM 2026" />
<meta property="og:description" content="SURTAM 2026, congreso de cohetería universitaria en España. Del 27 al 29 de abril, estudiantes e industria aeroespacial impulsan la innovación y el talento" />
<meta property="og:url" content="https://surtam2026.webs.upv.es/" />
<meta property="og:site_name" content="Inicio" />
<meta property="article:modified_time" content="2026-03-10T09:07:44+00:00" />
<meta name="twitter:card" content="summary_large_image" />
<script type="application/ld+json" class="yoast-schema-graph">{"@context":"https://schema.org","@graph":[{"@type":"WebPage","@id":"https://surtam2026.webs.upv.es/","url":"https://surtam2026.webs.upv.es/","name":"Congreso de cohetería universitaria - SURTAM 2026","isPartOf":{"@id":"https://surtam2026.webs.upv.es/#website"},"datePublished":"2026-03-04T07:38:13+00:00","dateModified":"2026-03-10T09:07:44+00:00","description":"SURTAM 2026, congreso de cohetería universitaria en España. Del 27 al 29 de abril, estudiantes e industria aeroespacial impulsan la innovación y el talento","breadcrumb":{"@id":"https://surtam2026.webs.upv.es/#breadcrumb"},"inLanguage":"es","potentialAction":[{"@type":"ReadAction","target":["https://surtam2026.webs.upv.es/"]}]},{"@type":"BreadcrumbList","@id":"https://surtam2026.webs.upv.es/#breadcrumb","itemListElement":[{"@type":"ListItem","position":1,"name":"Portada","item":"https://surtam2026.webs.upv.es/"},{"@type":"ListItem","position":2,"name":"SURTAM 2026"}]},{"@type":"WebSite","@id":"https://surtam2026.webs.upv.es/#website","url":"https://surtam2026.webs.upv.es/","name":"Inicio","description":"Congreso de Coheteria surtam","publisher":{"@id":"https://surtam2026.webs.upv.es/#organization"},"potentialAction":[{"@type":"SearchAction","target":{"@type":"EntryPoint","urlTemplate":"https://surtam2026.webs.upv.es/?s={search_term_string}"},"query-input":{"@type":"PropertyValueSpecification","valueRequired":true,"valueName":"search_term_string"}}],"inLanguage":"es"},{"@type":"Organization","@id":"https://surtam2026.webs.upv.es/#organization","name":"Inicio","url":"https://surtam2026.webs.upv.es/","logo":{"@type":"ImageObject","inLanguage":"es","@id":"https://surtam2026.webs.upv.es/#/schema/logo/image/","url":"https://surtam2026.webs.upv.es/wp-content/uploads/2026/01/idO8AsnPmd_logos.png","contentUrl":"https://surtam2026.webs.upv.es/wp-content/uploads/2026/01/idO8AsnPmd_logos.png","width":2560,"height":631,"caption":"Inicio"},"image":{"@id":"https://surtam2026.webs.upv.es/#/schema/logo/image/"}}]}</script>
<!-- / Yoast SEO plugin. -->

Congreso de cohetería universitaria - SURTAM 2026

SURTAM 2026, congreso de cohetería universitaria en España. Del 27 al 29 de abril, estudiantes e industria aeroespacial impulsan la innovación y el talento
